 digit of s?
9
Let a(z) = -z**3 + 14*z**2 + 14*z + 16. Let i(u) = -u**3 + 9*u**2 + 10*u - 6. Let n be i(9). Suppose -11*y - n = -17*y. What is the units digit of a(y)?
2
Let i(y) = 3*y**3 + 4*y**2 - 16*y + 44. Let l(h) = h**3 + 6*h**2 + 2*h - 9. Let a be l(-5). What is the hundreds digit of i(a)?
7
Let b = -126 - -71. Let t = b + 59. Suppose -4*k - 179 + 600 = -h, 396 = 4*k + t*h. What is the tens digit of k?
0
Let t be 18/4*(-2 + 0). Let g(s) = -s**3 + 4*s**2 - 5*s + 7. Let f be g(4). Let v = t - f. What is the units digit of v?
4
What is the tens digit of 4/(-12) + (-7537)/(-3)?
1
Let m be ((-4)/(-8))/(1 - 2)*-30. Let y(c) = c**2 + c + 62. What is the units digit of y(m)?
2
Suppose -406 - 34 = -2*n. Suppose 4*t - n = 8*t. Let y = t - -208. What is the hundreds digit of y?
1
Suppose -187*o + 191*o - 2*l = 139074, 0 = o - 4*l - 34765. What is the hundreds digit of o?
7
Let b(j) = -2*j**2 + 18*j + 20. Let u be b(10). Suppose -3*p - 3*z = -u*z - 1095, -p + 371 = -5*z. Let m = p - 206. What is the units digit of m?
0
Suppose l + 3*i - 19656 = 0, 133*l + 2*i - 39280 = 131*l. What is the tens digit of l?
3
Suppose -4*b = b + 4*c - 14, -5*b + 5*c + 5 = 0. Suppose -8*x + 2*f + 12 = -5*x, 4*x - 16 = 2*f. Suppose b*y = x*y - 96. What is the units digit of y?
8
Let d(r) = -r**3 + r**2 - r + 323. Let k be d(0). Let v(b) = 9*b**2 - 15*b - 93. Let h be v(-5). Let u = k - h. What is the units digit of u?
6
Suppose 5*v - 154 = -224. Let d be 2 - (1 - 0) - 4312/v. Let g = d + -202. What is the tens digit of g?
0
Let m = 66 + -64. Suppose 3*a + 944 = 11*a. Suppose -v = -m*v + a. What is the tens digit of v?
1
Suppose 3*f - 5 = 1. Suppose 0 = f*a + 4*h + 10, 0*h - 5*h - 20 = 0. What is the units digit of (75 - a)/3*(-3)/(-3)?
4
What is the units digit of (-7458)/(36/234 - 75/65)?
8
Let j(o) = 6*o**2 - 63*o + 879. What is the thousands digit of j(13)?
1
Suppose -f = -4*f - 291. Let u = f + 140. Let n = u + -23. What is the tens digit of n?
2
Suppose -d = -7*f + 4*f + 12434, -2*f = 3*d - 8304. What is the tens digit of f?
4
Suppose -114 = -144*b + 138*b. Suppose -11*z + 15180 = b*z. What is the hundreds digit of z?
5
Let r be ((-5608)/3)/(214/(-321)). Suppose 3281 = 4*m + 3*d, 1306 = 5*m + 2*d - r. What is the units digit of m?
4
Let m = -80 - -84. Suppose m*t - 5*p - 119 = 821, t - 3*p - 235 = 0. What is the tens digit of t?
3
Let c(j) = 5*j**2 - 11*j + 1. Let d(v) = v - 6. Let o be d(-9). Let w(p) = p**3 + 15*p**2 + 5. Let q be w(o). What is the units digit of c(q)?
1
Suppose 89*f = 88*f + 9941. What is the hundreds digit of f?
9
Let n(p) = 12*p + 7. Let q = -28 + 22. Let f be n(q). Let i = f + 103. What is the tens digit of i?
3
Suppose 9*g - 15*g = 708. Let i = g + 589. What is the hundreds digit of i?
4
Suppose -2119*m = -2117*m - 4*v - 10562, 5*m + v - 26383 = 0. What is the thousands digit of m?
5
What is the hundreds digit of (-888)/370 + 91874/10?
1
Let i(s) = -10*s**3 + 16*s**2 + 49*s + 345. What is the ten thousands digit of i(-14)?
3
Let y = 4049 + -2392. Let c = y + -873. What is the hundreds digit of c?
7
Let s(u) = 2*u**2 + 71*u + 288. What is the hundreds digit of s(-81)?
6
Let u(b) = 168*b**2 + 65*b**2 + 2*b - b. Let j be u(3). Suppose 5*h = -5*h + j. What is the hundreds digit of h?
2
Let d(a) be the first derivative of 13*a**3 - 5*a**2/2 - 5*a + 1. Let c be -1 + (-48)/56 - 6/42. What is the units digit of d(c)?
1
Let m(q) = -2*q**2 - 6*q + 8589. What is the units digit of m(0)?
9
Let g = -5 + 10. Let d(p) = -p**3 + 2*p**2 + 20*p - 9. What is the units digit of d(g)?
6
Let h = 2636 - -1014. What is the thousands digit of h?
3
Let y be 1*-1*(-9)/(9/4). Suppose y*b + 0 = -16. What is the hundreds digit of (6/b)/(3/(-534))?
2
Let y = -81 + 136. Let n be (154/y)/(1/55). What is the tens digit of (-2)/(-7) - (-3806)/n?
2
Let f = -1572 - -1574. Suppose 0 = 3*g - 0*g - 9. Suppose 0 = -g*r + f*r + 176. What is the units digit of r?
6
Let g(f) = 29*f - 14. Let j = 126 + -116. Suppose j*z = 12*z - 6. What is the units digit of g(z)?
3
Suppose -5*u - 2*z = -0*z - 1577, -1265 = -4*u - 5*z. Suppose -3*j = -4041 - u. What is the hundreds digit of j?
4
Let q(w) = -520*w + 1718. What is the hundreds digit of q(-7)?
3
Let x = 3238 - 2910. What is the units digit of x?
8
Suppose 0 = -6*h + h - 525. Let a = -26 - h. Let o = -35 + a. What is the tens digit of o?
4
Suppose 0 = 4*c - 2*n + 4*n - 428, -c = n - 106. Suppose -12*o = -21*o + c. Suppose -4*d - o = -148. What is the tens digit of d?
3
What is the hundreds digit of (2 - (-16)/(-2))*20954562/(-2421)?
9
Suppose -11 - 16 = -9*r. Suppose 1189 + 119 = r*z. What is the hundreds digit of z?
4
What is the tens digit of (-99300)/331*((-2)/7 + 940/(-42))?
0
Let r = 41 + -39. Let q be -13 + 15 + (-1 + 0)*r. Suppose 2*p = -q*p - 2*k + 20, -4*k = 12. What is the tens digit of p?
1
Suppose 78*n - 4844822 + 1031053 = 1216763. What is the hundreds digit of n?
4
Let m = 170 - -905. Suppose -f + 5*p + 1429 = 0, -2*f + 3*p + m + 1783 = 0. What is the thousands digit of f?
1
Let y = 4217 - 3036. What is the thousands digit of y?
1
Suppose 4*c = 9*j - 3*j + 3726, -3*j + 9 = 0. What is the hundreds digit of c?
9
Let v(i) = 429*i**2 - 11*i + 102. What is the ten thousands digit of v(5)?
1
What is the tens digit of 112/(-140)*(7 + (-1803378)/24)?
0
What is the units digit of -267*((-2016)/(-27))/(-7)?
8
Let u = 149 + -123. What is the units digit of (-68)/(-5)*65/u?
4
Suppose 0 = -2*l - 4, -5*l = 3*z - 0*l - 5. Suppose 0 = -z*q + 7 - 22, 0 = -v + 2*q + 484. What is the hundreds digit of v?
4
Let i be -2 - (-3351)/12 - 1/4. Let c = -260 + i. What is the tens digit of c?
1
Let k(j) = -j**2 - 7*j + 21. Let o be k(-9). Suppose o*c = -1 + 82. Suppose 0 = 5*t - 163 - c. What is the units digit of t?
8
Let w(d) = -4 - 101 - 111 - 268*d + 38*d + 11. What is the hundreds digit of w(-7)?
4
What is the hundreds digit of -3 - -2*91/26 - (-4318 - 1)?
3
Let f = 3796 + -3190. What is the tens digit of f?
0
What is the tens digit of (-19 - 94306/6)*(24/10)/(-2)?
8
Suppose 301 = 3*w + 244. Let s(h) = h**2 + 28*h - 41. What is the tens digit of s(w)?
5
Suppose 0 = 14*g - 9*g - 5*h - 234610, 5*h - 93823 = -2*g. What is the units digit of g?
9
Let b be -2*((-5)/(-10) - 3). Suppose 2 = s - 4*d, -b*d = 5*s - d - 34. What is the units digit of 1 + s + -5 + 2?
4
Let o(q) = 1334*q + 647. What is the tens digit of o(5)?
1
Let t(p) = p**2 - 12*p - 56. Let o be t(27). Suppose -2*g - o = -1559. What is the hundreds digit of g?
6
Let m = -663 + 203. Let x = 900 + m. Suppose -5*i + x = -3*u, 4*i + u - 420 = -85. What is the tens digit of i?
8
Let g(t) be the third derivative of 7*t**6/120 + t**5/60 + t**4/8 - t**2. Let n be g(6). What is the units digit of 4/(-22) - n/(-22)?
1
Suppose -4681 + 989471 = 629*r - 427944. What is the units digit of r?
6
Suppose -54*s + 3949344 = 49*s + 23*s. What is the thousands digit of s?
1
What is the thousands digit of ((-7994)/(-4))/(-13 - -1 - 17545/(-1452))?
3
Let k = 34943 - 5734. What is the thousands digit of k?
9
Suppose -430*h = -n - 428*h + 823, -4*n = -2*h - 3280. Suppose -3*i + 25 = 5*y, -3 = y + 2*i - 15. Suppose -11*k - y*k + n = 0. What is the tens digit of k?
6
Suppose -78*s - 3784 = -89*s. Suppose -45*a = -53*a + s. What is the tens digit of a?
4
Suppose -35 - 61 = 2*x. Let z = x - -145. Let u = -26 + z. What is the tens digit of u?
7
Let q(k) = 377*k - 1354. What is the units digit of q(32)?
0
Suppose 0 = 3*u - 2*s - 96571, -5*u = -8*u - 3*s + 96576. What is the tens digit of u?
9
Let j be 14/(-5) - (-2)/(-10). Let d(w) = -w**3 - w**2 - 10*w + 7. Let m be d(3). Let b = j - m. What is the units digit of b?
6
Suppose -8*h + 22*h = 20*h. Suppose h = -22*y + 8845 - 419. What is the units digit of y?
3
Let f = -8775 + 17150. What is the tens digit of f?
7
Let s(t) = 763*t**2 - 765*t**2 + 3 - 14*t - 13. What is the tens digit of s(-5)?
1
Let g = 1858 + 1939. What is the thousands digit of g?
3
Let v be (6/(-10))/(2/(-10)). Suppose -4*n + n - v = -3*z, -n = 2. What is the units digit of (-1)/z*4/6*78?
2
Suppose 2*a + 321 = 3*v - 489, -v - 5*a = -287. Let l(f) = 11*f**2. Let q be l(-1). Suppose 15*o = q*o + v. What is the tens digit of o?
6
What is the ten thousands digit of 56934*1 + 14/49*-21?
5
What is the tens